Determine i(330).
12
Let t(a) = 5350*a - 963000. Determine t(180).
0
Let r(y) = y**2 - 295*y - 272546. Determine r(-395).
4
Let x(k) = 6325*k - 37993. Calculate x(6).
-43
Let m(y) = 3*y**3 + 534*y**2 + 8214*y + 509. Give m(-161).
26
Let m(y) = 386*y - 23112. Give m(60).
48
Let h(z) = -2*z**2 + 613*z + 3172. Give h(-5).
57
Let p(o) = -o**3 + 99*o**2 - 1696*o + 143. Give p(77).
-11
Let t(f) = -20*f**3 + 4960*f**2 - 12*f + 2969. What is t(248)?
-7
Let i(x) = -101*x - 4489. Determine i(-42).
-247
Let s(k) = -3*k**3 + 40*k**2 - 448*k + 10716. What is s(17)?
-79
Let r(g) = 1906*g + 99115. Calculate r(-52).
3
Let l(g) = -g**2 + 1095*g + 10019. What is l(-9)?
83
Let g(t) = -1282*t - 1483263. Calculate g(-1157).
11
Let b(g) = 8078*g + 120989. Calculate b(-15).
-181
Let r(c) = 794*c**3 - 43671*c**2 + 59*c - 240. Give r(55).
-20
Let j(z) = 22383*z - 1947346. Calculate j(87).
-25
Let a(c) = -1488*c - 2736. What is a(-2)?
240
Let h(u) = 4149*u - 20714. Give h(5).
31
Let r(o) = -8528*o - 341083. What is r(-40)?
37
Let d(l) = -l**3 + 72*l**2 - 1242*l + 105. Give d(43).
320
Let c(d) = -8311*d - 75321. Calculate c(-9).
-522
Let z(b) = -67*b**2 - 296*b + 1318. Determine z(4).
-938
Let d(x) = -6*x**2 - 3*x + 212. Give d(9).
-301
Let c(u) = 48*u**2 - 228*u - 691. Determine c(-3).
425
Let t(w) = 8*w**2 + 1545*w - 6300. What is t(4)?
8
Let o(m) = -m**3 - 197*m**2 - 5921*m - 38. Determine o(-37).
-1
Let p(j) = -5*j**2 + 668*j + 563. Give p(135).
-382
Let s(v) = -v**3 - 367*v**2 - 12199*v + 3626. Give s(-330).
-4
Let r(h) = -5*h**3 + 931*h**2 - 122*h - 11912. Calculate r(186).
-8
Let s(l) = -101344*l + 2533556. Calculate s(25).
-44
Let z(h) = -h**3 + 30*h**2 + 169*h - 7093. What is z(20)?
287
Let f(x) = 3*x**2 - 189*x + 2928. Calculate f(37).
42
Let s(p) = 86368*p + 4232050. Give s(-49).
18
Let d(z) = -89*z - 22057. Calculate d(-249).
104
Let c(a) = 39*a**2 - 3440*a + 271. Determine c(88).
-433
Let n(d) = -88985*d - 266965. What is n(-3)?
-10
Let o(z) = -138*z**2 + 1871*z + 888. Calculate o(14).
34
Let f(c) = 2828*c**2 + 45256*c - 6. Determine f(-16).
-134
Let g(w) = 58*w + 9952. What is g(-169)?
150
Let h(y) = -14455*y + 650473. Calculate h(45).
-2
Let b(m) = 682*m - 341841. Calculate b(501).
-159
Let o(p) = -40*p - 653. Give o(-27).
427
Let g(b) = 36*b**3 + 2*b**2 + 38*b - 1780. Give g(0).
-1780
Let i(m) = m**3 + 18*m**2 + 285*m + 1839. Give i(-9).
3
Let i(t) = -t**3 - 97*t**2 + 101*t + 374. Give i(-98).
80
Let p(i) = -2*i**2 - 141*i + 529. Give p(-78).
-641
Let v(q) = 97*q**2 + 18035*q - 1358. Give v(-186).
-56
Let f(t) = 9*t**2 + 581*t + 2903. Determine f(-5).
223
Let m(y) = -2753*y - 2160769. Give m(-785).
336
Let s(h) = 7*h**2 - 406*h - 4652. What is s(-12)?
1228
Let u(i) = i**2 - 7859*i + 39268. Calculate u(5).
-2
Let w(q) = -q**3 + 3*q**2 - 201*q - 816. Calculate w(-4).
100
Let o(r) = 8*r**2 + 467*r + 7015. Calculate o(-35).
470
Let h(w) = -25*w**2 + 2830*w - 521. Calculate h(113).
44
Let c(d) = -d**3 + 35*d**2 + 2856*d - 188. Calculate c(-38).
-3304
Let s(l) = -4191*l + 171822. What is s(41)?
-9
Let d(u) = -12688*u + 647101. Give d(51).
13
Let c(z) = 10*z**2 + 730*z + 2850. What is c(-4)?
90
Let k(t) = 8613*t**2 + 51608*t + 2. Calculate k(-6).
422
Let i(p) = -38197*p + 38319. Give i(1).
122
Let h(x) = 2*x**3 - 44*x**2 + 114*x - 5. Give h(8).
-885
Let p(c) = -c**3 - 101*c**2 - 194*c + 388. Determine p(-99).
-8
Let s(w) = -652*w**2 + 327*w - 3. Give s(2).
-1957
Let q(j) = -185*j**2 + 25*j - 5. Determine q(0).
-5
Let a(i) = 6*i**2 + 1165*i + 27011. Determine a(-27).
-70
Let u(f) = -3026*f - 21192. Give u(-7).
-10
Let f(j) = 4487*j - 130. What is f(0)?
-130
Let o(p) = -5*p**3 - 44*p**2 + 49*p + 43. What is o(-10)?
153
Let m(y) = -465*y + 139039. Give m(299).
4
Let b(t) = -t**3 - 95*t**2 - 398*t + 3257. Calculate b(-90).
-1423
Let l(m) = 1070*m - 131562. Give l(123).
48
Let h(q) = -q**3 - 216*q**2 - 2819*q + 1827. Give h(-202).
9
Let v(f) = -2*f**3 - 148*f**2 - 808*f + 557. Give v(-68).
13
Let n(k) = -1001*k + 391225. Calculate n(391).
-166
Let l(b) = -1432*b + 396634. Give l(277).
-30
Let t(s) = 216*s - 7345. Give t(40).
1295
Let y(q) = -89*q**2 - 42601*q + 171833. Give y(4).
5
Let b(n) = 236*n - 10303. Determine b(41).
-627
Let k(m) = -562*m - 1133. Determine k(0).
-1133
Let n(a) = 19*a**2 - 424*a - 3761. What is n(-9)?
1594
Let b(h) = 14*h**2 + 373*h + 1493. What is b(-20)?
-367
Let y(m) = -6183*m + 111362. Give y(18).
68
Let o(d) = -d**3 - 3687*d**2 - 58736*d + 4. Determine o(-16).
4
Let w(y) = -7*y**3 - 116*y**2 - 228*y + 6. What is w(-2)?
54
Let i(q) = -231*q + 19144. Determine i(79).
895
Let i(h) = 119*h**3 + 8*h**2 + 59*h - 151. Give i(2).
951
Let h(a) = -218*a + 21082. Calculate h(97).
-64
Let z(u) = -21*u**2 - 434*u + 4799. Calculate z(8).
-17
Let y(t) = -29*t**3 + 35*t**2 + 110*t - 35. Give y(-3).
733
Let w(p) = 2*p**3 + 30*p**2 - 2*p - 249. Determine w(-15).
-219
Let i(n) = -3313*n - 13521. Determine i(-4).
-269
Let s(v) = -347*v - 7944. What is s(-22)?
-310
Let l(p) = -2*p**3 - 735*p**2 - 15625*p - 34505. Give l(-345).
-5
Let r(s) = 2911*s - 145553. What is r(50)?
-3
Let v(k) = 819*k + 44988. Determine v(-55).
-57
Let y(b) = -b**3 - 82*b**2 + 2020*b + 178305. What is y(-79)?
2
Let u(a) = a**3 - 8*a**2 - 325*a - 6599. Calculate u(28).
-19
Let x(r) = -99*r**2 + 8653*r - 3463. Give x(87).
17
Let u(w) = 84775*w + 254348. Calculate u(-3).
23
Let x(f) = -f**2 - 279*f + 73255. Calculate x(165).
-5
Let t(g) = -3*g**3 - 36*g**2 + 192*g - 1048. Determine t(-17).
23
Let s(k) = 3140*k - 21514. Give s(7).
466
Let l(q) = 5*q**3 - 39*q**2 + q + 656. What is l(0)?
656
Let m(g) = 429*g**2 - 102105*g + 705. What is m(238)?
-9
Let p(u) = u**3 + 320*u**2 + 23110*u - 38694. Calculate p(-208).
-6
Let r(c) = -c**3 - c**2 - 74*c + 758. Give r(12).
-2002
Let c(u) = 9*u**2 - 557*u + 1650. Give c(3).
60
Let n(q) = q**3 + 57*q**2 + 428*q - 157. What is n(-48)?
35
Let j(z) = 6446*z - 12921. What is j(2)?
-29
Let r(s) = -1305*s**3 + 343*s**2 - 344*s + 1. What is r(1)?
-1305
Let w(a) = -a**3 - 40*a**2 - 63*a - 2568. Calculate w(-40).
-48
Let g(o) = -o**2 - 74*o + 1414. What is g(32)?
-1978
Let b(p) = -36739*p + 36791. What is b(1)?
52
Let c(i) = -9*i**2 + 1289*i + 82604. Calculate c(-48).
-4
Let h(v) = -v**2 - 191*v - 4685. Give h(-29).
13
Let r(p) = 3*p**2 - 331*p + 12134. Calculate r(65).
3294
Let t(y) = -21*y**2 + 1748*y + 15095. Give t(-8).
-233
Let d(l) = -l**3 + 45*l**2 + 1005*l - 42765. Determine d(47).
52
Let w(n) = n**3 + 92*n**2 - 141*n - 4502. Give w(-93).
-38
Let w(y) = -y**2 - 9103*y + 356496. Calculate w(39).
-42
Let f(l) = -l**2 + 3060*l - 30468. What is f(10)?
32
Let z(k) = -603*k - 7809. Calculate z(-13).
30
Let z(h) = -4*h**3 - 7*h**2 + 23*h + 233. What is z(-8)?
1649
Let n(k) = -k**3 - 23*k**2 + 29*k + 116. Give n(-24).
-4
Let j(t) = -3*t**2 - 836*t - 19464. What is j(-253)?
17
Let h(x) = 16615*x + 2741515. Give h(-165).
40
Let g(r) = -1600*r + 16217. Determine g(10).
217
Let g(d) = 49*d**2 + 12274*d - 37270. Give g(3).
-7
Let i(f) = 1325*f + 11949. Calculate i(-9).
24
Let y(i) = -1083*i - 22932. Determine y(-21).
-189
Let m(p) = -997*p - 58841. What is m(-59)?
-18
Let p(i) = 557*i + 12871. Determine p(-23).
60
Let k(q) = q**3 + 209*q**2 - 1059*q + 2350. Calculate k(-214).
-4
Let m(f) = -498*f + 11509. Determine m(23).
55
Let r(s) = s**2 + 24992*s + 3553397. Calculate r(-143).
-10
Let w(v) = -71*v**2 + 547*v - 507. Determine w(7).
-157
Let z(d) = -44*d + 1238. Give z(-7).
1546
Let z(j) = 2664*j + 107. Determine z(-2).
-5221
Let f(a) = 605*a - 12029. Give f(29).
5516
Let y(q) = -27*q**2 - 1067*q + 1601. What is y(-41)?
-39
Let u(p) = -11*p**3 + 3*p**2 + 110*p + 801. Calculate u(5).
51
Let v(a) = a**3 + 269*a**2 + 14555*a + 959. Give v(-194).
-11
Let u(b) = 1337*b + 248898. Give u(-186).
216
Let f(p) = 153*p**2 - 29054*p - 2993. Give f(190).
47
Let t(g) = -33913*g + 67783. Calculate t(2).
-43
Let s(h) = h**2 - 441*h + 37059. Determine s(110).
649
Let m(n) = 703*n**2 - 4223*n - 32. Calculate m(6).
-62
Let z(r) = -577*r + 361. Give z(10).
-5409
Let i(u) = u**3 - 709*u**2 - 113937*u + 417. Determine i(-135).
12
Let j(k) = 3*k**3 + 107*k**2 + 34*k + 751. Give j(-35).
2011
Let h(n) = -2507*n + 19689. Determine h(8).
-367
Let u(d) = -d**3 - 8*d**2 - 99*d + 193. Cal